(10 - 11) is divided by 31.
29
Let x(d) = d**3 - 9*d**2 - 11*d + 12. Let l be x(10). Suppose 0 = y - 4*f, -5*y + l*y + 21 = -5*f. What is the remainder when 35 is divided by y?
11
Suppose 4*j = -0*j + 4*c + 8, -j - 3*c = -10. What is the remainder when 9 is divided by j?
1
Let x = 15 + -7. Calculate the remainder when 69 is divided by 16 + (x/1)/4.
15
Let i(x) = -x + 26. Let q(k) = -k + 27. Let g(h) = 5*i(h) - 4*q(h). Calculate the remainder when 42 is divided by g(0).
20
Let o = -18 + 37. Suppose 0 = -3*v - 4*x + 70, 2*v + v - 64 = 2*x. Let d = v - 15. Calculate the remainder when o is divided by d.
5
Let f be 3/(-18) + 106/(-12). Let o = f - -19. Calculate the remainder when 39 is divided by o.
9
Let h = -46 - -57. What is the remainder when 41 is divided by h?
8
Let r(y) = 7*y - 22. Calculate the remainder when 9 is divided by r(4).
3
Suppose 0*u - 1 = u. What is the remainder when 54 is divided by u + 0 + 10*2?
16
Let u(l) = -78*l**3 + l**2 - 1. Let t be u(-1). Let i be 47/(-2)*(2 - 0). Let p = i + t. What is the remainder when p is divided by 11?
9
Let r(k) = k**3 + 3*k**2 - k + 2. Suppose 44 = 4*m + 4*u, -1 = m - u - 6. Calculate the remainder when m is divided by r(-3).
3
Let v = -42 - -72. Calculate the remainder when 116 is divided by v.
26
Let f = 30 - 11. Calculate the remainder when 55 is divided by f.
17
Suppose 0 = -a - 37 - 57. Let f = a + 168. Suppose -f = -3*j + j. Calculate the remainder when j is divided by 13.
11
Suppose 3*u - 34 = 2*u + 5*c, -30 = -u + 4*c. Suppose -8 = -j - 3*j. Let w = u + j. Calculate the remainder when w is divided by 6.
4
Calculate the remainder when (-2)/(-2*(-2)/(-182)) is divided by 31.
29
Let x = -9 - -18. Let t be (-4)/6 + (-266)/6. Let k = -19 - t. Calculate the remainder when k is divided by x.
8
Let n be 3 - 4/1*1. Suppose -2*v + 26 + 0 = 0. Calculate the remainder when (3 + n/3)*9 is divided by v.
11
Suppose -10 = 2*t - 7*t. Suppose 0 = 2*i - 0*i - 2. Calculate the remainder when t is divided by i.
0
Suppose 0*x - z = 3*x - 3, 5*x + z = 5. Calculate the remainder when 2 is divided by x.
0
Let d(z) = -z**3 - 11*z**2 + 11*z - 6. What is the remainder when 27 is divided by d(-12)?
3
Let z = -34 + 53. Let d = -4 - -6. Calculate the remainder when z is divided by (d/(-8) + 3)*4.
8
Suppose -3*f - 4*k = k - 290, 2*k - 496 = -5*f. Suppose 0*j + f = 3*j - 4*b, -32 = -j + b. What is the remainder when j is divided by 10?
8
Suppose -8 = d - 33. Let q(k) = k**3 + 3*k**2 + k + 3. Let j be q(-3). Suppose j*f = -2*f + 18. Calculate the remainder when d is divided by f.
7
Let c = -19 - -39. Calculate the remainder when c is divided by 11.
9
Let z be (13/4)/(1/4). Suppose -z + 0 = -g. Let x(j) = j**3 + 6*j**2 - 7*j + 5. What is the remainder when g is divided by x(-7)?
3
Let y(t) = -10*t + 9. What is the remainder when 114 is divided by y(-5)?
55
Calculate the remainder when 92 is divided by 8/(-6) + 868/21 + -7.
26
Suppose 0 = 3*t - 5*t + 68. What is the remainder when t is divided by 9?
7
What is the remainder when 152 is divided by (4 - (-6)/(-3))/((-4)/(-62))?
28
Suppose -5*c + 12 = 4*b, -c = 4*b + 3 - 15. What is the remainder when b is divided by 3?
0
Suppose 3*j = 3, 0*u + 37 = 4*u + 5*j. Calculate the remainder when 31 is divided by u.
7
Let a(w) = -w**3 + 3*w**2 + 9*w - 2. Let h be a(5). Let q = 14 + h. Calculate the remainder when 34 is divided by q.
6
Calculate the remainder when (24/(-15))/(4/(-50)) is divided by 7.
6
Let l = 1 - -22. Calculate the remainder when l is divided by 5.
3
Suppose q + 17 - 36 = 0. What is the remainder when 92 is divided by q?
16
Let n(f) = -15*f + 4. What is the remainder when n(-1) is divided by 4?
3
Calculate the remainder when 16 is divided by 5 + -3*(-8)/6.
7
Suppose -5*o + 2*x = 40, 0*o + 7 = 3*o + 5*x. Let k = -5 - o. Let d(h) = 10*h**3 - h**2 + 1. Calculate the remainder when 27 is divided by d(k).
7
Let t(b) = -b**2 - 15*b - 15. Let r be (6/5)/(2/(-10)). What is the remainder when t(r) is divided by 10?
9
Calculate the remainder when (8 - 5) + (-20)/(-2) is divided by 4.
1
Let y be -24 + 0 - 8/2. Calculate the remainder when ((-105)/y)/(6/16) is divided by 5 - (-2 - -1 - 0).
4
Suppose -4*x = -3*i - 280, 2*i - 260 - 67 = -5*x. Calculate the remainder when x is divided by 17.
16
Let a = 6 - 0. Suppose 0 = 3*f + 12, -25 = -3*k + f - a*f. Calculate the remainder when 28 is divided by k.
13
Suppose 350 = 8*r + 6*r. What is the remainder when 118 is divided by r?
18
Suppose -5*b - 3*u + 64 = 0, -4*b + u - 20 = -61. What is the remainder when b is divided by (-1 + 5)/(4/6)?
5
Let w(g) = -4*g + 1. Let b be w(-1). Calculate the remainder when (-22)/55 + 37/b is divided by 3.
1
Let h(f) = -f - 6. Let b be h(-8). Let y = -6 + b. What is the remainder when (-6)/y - 93/(-6) is divided by 6?
5
Suppose t - 4 + 1 = -g, 5*t - 9 = -4*g. What is the remainder when g is divided by 6?
0
Let r = 132 + 26. What is the remainder when r is divided by 32?
30
Suppose -38 = -4*o + 62. Suppose -85*t = -80*t - 240. Calculate the remainder when t is divided by o.
23
Suppose -p - 6 = -2. Let o(y) = -6 + 5*y**2 - 2 - 2 - 2*y + 6 + y**3. What is the remainder when 59 is divided by o(p)?
19
Let p(l) = -2*l**3 - 4*l - 4. Let m = 68 - 47. Calculate the remainder when p(-3) is divided by m.
20
Calculate the remainder when 66 is divided by (-54)/12*8/(-3).
6
Let k(d) be the first derivative of 3*d**2/2 + 3*d - 1. Suppose -104 = -2*c - 14. What is the remainder when c is divided by k(3)?
9
Let a(v) = -42*v - 1. Suppose -j + 63 = 2*j. What is the remainder when a(-1) is divided by j?
20
What is the remainder when -1 - (0 - 1)/(5/30) is divided by 1?
0
Suppose -248 = k - 5*k. Suppose -11 = 7*g - 158. Calculate the remainder when k is divided by g.
20
Let n(z) = -3*z - 4. Suppose 2*w - 17 = -3*x, x - 4*w + 16 - 3 = 0. Calculate the remainder when n(-4) is divided by x.
2
Let k be (6/3 - -31) + -3. Let a = k + -18. Let b(i) = i**2 + i - 8. Calculate the remainder when b(6) is divided by a.
10
Suppose -1462 = -3*f - 14*f. What is the remainder when f is divided by 22?
20
Suppose 0 = 5*v - 14 + 39. Let w(k) = -k**2 - 6*k + 3. Calculate the remainder when w(v) is divided by (-2)/(-6) + (-42)/(-9).
3
Suppose -3*r + 32 + 82 = 0. Calculate the remainder when r is divided by 13.
12
Suppose -m + 140 = -2*i, 5*i - 560 = 3*m - 7*m. Suppose -m = -7*u + 2*u + q, -2*u - 2*q = -56. Calculate the remainder when u is divided by 15.
13
Let l = 9 + -5. Calculate the remainder when 9 is divided by l.
1
Suppose 150 + 305 = 5*g. Let l = -65 + g. Suppose 14 = -2*d + 42. Calculate the remainder when l is divided by d.
12
Let h = -174 - -222. What is the remainder when h is divided by 26?
22
Let m = -8 + 13. Suppose -m*o - 196 = 4*h, -3*o - h = -5*h + 124. What is the remainder when (2 - o)/(4 + -2) is divided by 12?
9
Suppose -3*m - 112 = -5*l, -6*l + 4*l + 49 = 3*m. Calculate the remainder when 88 is divided by l.
19
Let p(i) = i**3 - 2*i**2 - 1. Let n = -11 - -22. Calculate the remainder when p(4) is divided by n.
9
Suppose -4*l + 287 = 3*u, -5*l = -0*u + 5*u - 365. Suppose 5*o = 0, -4*o + 3*o = -5*i + 70. What is the remainder when l is divided by i?
12
Let k(a) = -a**2 + 25*a + 14. What is the remainder when k(9) is divided by 53?
52
Let h(p) = -p**3 - 15*p**2 - 28*p - 7. What is the remainder when 33 is divided by h(-13)?
14
Let q be -2*7/2 - -2. Let i = 7 + q. Let s(y) = 5*y**2 + 2. What is the remainder when s(i) is divided by 12?
10
Let t = 9 + -27. Let d = 42 + -20. Calculate the remainder when t/4*28/(-3) is divided by d.
20
Let a = -1 + 23. Let r(k) = -2*k + 3. Let q be r(-4). Let j = q - 3. What is the remainder when a is divided by j?
6
Let v = 36 - 23. Let l = 9 - v. Let p(g) = -g**2 - 10*g - 3. Calculate the remainder when p(l) is divided by 11.
10
Let j(n) = -n + 17. Let p(l) = 7*l - 5. Calculate the remainder when p(6) is divided by j(7).
7
Suppose 0*v + v + 6 = 0. Let g be (-80)/(-6) - 4/v. Suppose o + 2 = g. What is the remainder when 23 is divided by o?
11
Suppose 4*a + 5*w + 96 = 0, 0 = -2*a + 2*w - 43 - 5. Let j = a - -69. Calculate the remainder when j is divided by 23.
22
Let p(k) = -2*k**3 - 6*k**2 - 10*k + 1. Let r be p(-6). Suppose -4*y = 73 - r. What is the remainder when y is divided by 18?
15